e p(-4).
64
Let h(q) = 92*q + 558. Determine h(-6).
6
Let t(k) = k**3 - 6*k**2 + 5*k + 5. Give t(5).
5
Let t(b) = -5*b**2 + 32*b - 19. What is t(5)?
16
Let i(c) = 64*c**2 + 2*c - 2. Determine i(1).
64
Let o(z) = -2*z**2 + 56*z - 102. Give o(27).
-48
Let h(k) = -2*k + 10. Calculate h(9).
-8
Let w(v) = -3*v + 59. What is w(12)?
23
Let y(l) = 12*l + 10. Determine y(-1).
-2
Let a(t) = 2*t + 25. Give a(-12).
1
Let n(h) = 50*h - 347. What is n(7)?
3
Let y(a) = -2*a**2 - 5*a + 1. Give y(-4).
-11
Let x(k) = -5*k - 80. Determine x(-16).
0
Let w(l) = 6*l**2 + l - 1. What is w(1)?
6
Let i(q) = q**2 - 7*q - 13. What is i(9)?
5
Let a(z) = z - 3. Calculate a(6).
3
Let m(b) = -b**3 - 6*b**2 - 6. Calculate m(-7).
43
Let t(g) = 2*g**2 - 6*g + 6. Calculate t(2).
2
Let x(v) = -v**3 - 12*v**2 - 25*v. Determine x(-9).
-18
Let s(u) = -4*u**2 - 3*u - 2. Give s(-3).
-29
Let f(g) = g**3 - 16*g**2 + 14*g - 3. Give f(15).
-18
Let l(i) = -i**3 - 2*i**2 + 47*i + 2. Calculate l(6).
-4
Let o(w) = 11*w**2 - 49*w - 94. What is o(-2)?
48
Let x(a) = -a**3 - 21*a**2 + 23*a - 18. Give x(-22).
-40
Let j(s) = -5*s + 3. Give j(2).
-7
Let i(p) = -p**3 - 10*p**2 - 17*p - 19. Give i(-8).
-11
Let n(s) = 6*s + 7. What is n(5)?
37
Let b(i) = -2*i**2 - 4*i + 1. What is b(-3)?
-5
Let u(q) = q - 5. What is u(-3)?
-8
Let u(v) = 7*v + 13. What is u(6)?
55
Let q(g) = g**3 - 6*g**2 + 5*g - 4. What is q(4)?
-16
Let u(i) = i**3 + 18*i**2 + i + 24. Calculate u(-18).
6
Let f(m) = -m**2 + 8*m + 23. What is f(9)?
14
Let b(t) = -t**2 - 15*t - 20. Give b(-9).
34
Let z(s) = s**3 + 7*s**2 - 5*s + 15. What is z(-8)?
-9
Let d(p) = -p**3 - 9*p**2 - 9*p - 6. What is d(-8)?
2
Let s(g) = -16*g**2 - g. What is s(1)?
-17
Let l(n) = -n**2 - 32*n - 2. Give l(-32).
-2
Let q(u) = u**3 + 3*u**2 + u + 5. What is q(-3)?
2
Let m(u) = -u**3 + 18*u**2 - 4. What is m(18)?
-4
Let q(g) = -g**2 - 10*g + 21. Give q(-10).
21
Let l(b) = 5*b**3 - b**2 + 9*b - 7. Give l(1).
6
Let g(t) = -3*t - 2. Determine g(-2).
4
Let f(q) = -4*q + 24. What is f(6)?
0
Let o(x) = x**3 - 8*x**2 - 8*x - 8. Calculate o(9).
1
Let r(q) = q**3 - 2*q**2 - 9*q + 6. Determine r(4).
2
Let z(m) = -2*m**3 + 11*m**2 - 6*m + 10. What is z(5)?
5
Let d(i) = -i**2 + 7*i + 9. What is d(4)?
21
Let g(t) = -2*t**3 - 12*t**2 + t - 5. Calculate g(-6).
-11
Let f(v) = -3*v**2 + 42*v + 43. Give f(-1).
-2
Let f(m) = 13*m + 184. Calculate f(-14).
2
Let r(v) = -2*v**3 - 35*v**2 + 20*v + 43. Determine r(-18).
7
Let h(a) = -a**3 - a**2 + 4*a - 5. Calculate h(1).
-3
Let s(g) = -g**3 + 24*g**2 + g - 19. Calculate s(24).
5
Let h(u) = u**3 - 9*u**2 + 3*u - 21. What is h(9)?
6
Let u(o) = 8*o - 1. Calculate u(-2).
-17
Let n(h) = -3*h**3 + h**2 + 5*h - 2. Determine n(3).
-59
Let h(f) = f - 7. Determine h(14).
7
Let h(g) = -3*g**2 - 3*g + 1. Give h(-3).
-17
Let r(h) = h**3 + 10*h**2 - 2*h - 10. Determine r(-10).
10
Let w(f) = 2*f**2 + 16*f + 19. Give w(-6).
-5
Let g(x) = -9*x**2 - x + 1. Give g(1).
-9
Let z(u) = 11*u - 34. Calculate z(3).
-1
Let x(f) = -16*f**2 - 1. What is x(1)?
-17
Let t(j) = j**3 - 2*j**2 + 6*j - 23. Give t(3).
4
Let i(y) = -58*y - 1. Give i(-1).
57
Let f(z) = -20*z + 4. Give f(3).
-56
Let q(a) = a**3 - 19*a**2 + 30*a + 31. Calculate q(17).
-37
Let j(q) = q**2 + 13*q - 59. Determine j(-16).
-11
Let h(i) = i**2 + 4*i + 7. Calculate h(-6).
19
Let m(q) = -q**3 + 29*q**2 - 53*q - 23. Determine m(27).
4
Let x(j) = 2*j**3 - 15*j**2 - 7*j - 7. Give x(8).
1
Let p(n) = 2*n**3 + 77*n**2 + 39*n + 41. What is p(-38)?
3
Let k(o) = o + 10. Determine k(15).
25
Let c(m) = 5*m. Calculate c(-18).
-90
Let z(m) = 2*m**2 - 9*m - 2. Determine z(4).
-6
Let f(d) = -2*d**2 + d + 5. Determine f(4).
-23
Let r(f) = -3*f**2 + f + 17. Determine r(4).
-27
Let t(h) = -h**2 + h + 5. What is t(7)?
-37
Let y(g) = -18*g - 110. What is y(-10)?
70
Let j(x) = x**2 + 13*x + 19. What is j(-12)?
7
Let v(d) = 13*d - 9. Give v(1).
4
Let g(z) = 15*z + 6. What is g(1)?
21
Let x(k) = -k - 10. Determine x(-8).
-2
Let w(m) = -3*m - 3. Determine w(3).
-12
Let r(a) = a**2 + 9*a - 10. Determine r(-7).
-24
Let s(b) = 2*b**3 + 3*b**2. Calculate s(-3).
-27
Let k(d) = -d**2 - 5*d - 3. What is k(-2)?
3
Let w(m) = -m**2 + m + 8. Give w(4).
-4
Let t(r) = -r**2 + 21*r + 42. Give t(23).
-4
Let z(b) = 2*b**2 + 36*b + 2. Determine z(-19).
40
Let r(w) = -w**3 - w**2 + 24*w + 10. Give r(-6).
46
Let s(i) = -8*i**2 + 2*i - 3. Determine s(2).
-31
Let g(c) = c**2 + 2*c - 3. What is g(1)?
0
Let f(j) = j + 38. Calculate f(0).
38
Let m(q) = q**2 - 4*q - 139. Determine m(14).
1
Let i(p) = -3*p**2 - 3. Determine i(-1).
-6
Let i(k) = k - 17. Give i(-12).
-29
Let q(d) = d**3 + 34*d**2 - 43*d - 272. Give q(-35).
8
Let u(v) = 5*v - 42. Calculate u(10).
8
Let h(g) = 2*g**3 + 16*g**2 + 13*g - 3. Calculate h(-7).
4
Let s(f) = -f**2 + 2*f - 14. Calculate s(8).
-62
Let j(b) = b**3 + 4*b**2 - 6*b - 6. Calculate j(-5).
-1
Let g(j) = -7*j. What is g(5)?
-35
Let m(s) = 2*s**2 - 5*s - 1. Calculate m(4).
11
Let o(j) = -j**2 + 19*j + 788. Calculate o(-20).
8
Let y(w) = -w**2 + 4. Give y(-3).
-5
Let k(r) = r**2 - 3*r - 7. Determine k(7).
21
Let y(o) = -o - 34. Calculate y(9).
-43
Let r(p) = -p**2 - 42*p - 74. Calculate r(-40).
6
Let a(j) = -j - 20. What is a(-13)?
-7
Let n(x) = x**3 + 8*x**2 + 3*x. Give n(-8).
-24
Let x(c) = c**3 - 6*c**2 - 4*c - 9. Give x(7).
12
Let b(k) = -5*k - 3. Determine b(-4).
17
Let l(v) = v**3 + 8*v**2 + 9*v + 15. Give l(-7).
1
Let r(o) = -19*o + 1. What is r(4)?
-75
Let f(t) = t**3 - 3*t**2 - 6*t + 2. What is f(5)?
22
Let n(t) = 7*t + 2. Calculate n(10).
72
Let x(g) = 11*g + 16. What is x(9)?
115
Let k(t) = 22*t**3 - 2*t**2 + 2*t - 1. What is k(1)?
21
Let n(r) = 2*r**3 - 9*r**2 + 9*r - 75. Determine n(5).
-5
Let g(x) = x**3 - 51*x**2 - 55*x + 160. Determine g(52).
4
Let v(k) = -k**3 + k**2 + 4*k - 2. Give v(0).
-2
Let v(q) = q + 9. Calculate v(-10).
-1
Let u(m) = 16*m**2 + 6*m + 4. Give u(-2).
56
Let c(r) = -r + 1. Give c(1).
0
Let x(b) = 9*b**2 + 5*b + 2. Determine x(-3).
68
Let b(c) = -18*c**3 - c**2 - 3*c - 2. Calculate b(-1).
18
Let r(u) = u**3 - 16*u**2 + 4*u - 23. Determine r(16).
41
Let c(l) = -l**2 + 4*l + 25. Calculate c(7).
4
Let d(h) = -58*h**2 + 16*h - 1. Calculate d(1).
-43
Let k(l) = -l**3 - 14*l**2 - 15*l - 10. Determine k(-13).
16
Let z(l) = -2*l**2 - 6*l. Give z(-5).
-20
Let c(t) = t**2 - 9*t + 18. What is c(9)?
18
Let s(m) = -12*m**2 - 26*m - 8. Determine s(-2).
-4
Let p(q) = q**3 - 13*q**2 + 20*q + 8. Calculate p(11).
-14
Let t(f) = f**3 - 10*f**2 - 11*f + 7. Determine t(11).
7
Let s(i) = 2*i**2 + 21*i - 54. Give s(-12).
-18
Let c(j) = 4*j + 67. What is c(-16)?
3
Let y(m) = -8*m + 43. Calculate y(5).
3
Let v(a) = -a**2 - 30*a + 256. Determine v(7).
-3
Let p(z) = -z**2 - 5*z + 45. What is p(-9)?
9
Let x(o) = -o - 18. Give x(-8).
-10
Let m(n) = 10*n - 36. What is m(4)?
4
Let n(m) = -m**3 - 17*m**2 - 21*m - 89. Give n(-16).
-9
Let c(r) = r**2 - 11*r - 37. What is c(-4)?
23
Let y(i) = -6*i**3 + i**2 - 3*i - 1. Determine y(-2).
57
Let h(j) = -j**3 + 7*j**2 - 6*j + 9. Calculate h(5).
29
Let m(b) = -b - 13. Give m(-19).
6
Let g(z) = -2*z**3 - 5*z**2 + 2*z + 12. Give g(-2).
4
Let v(r) = -r**3 + 7*r**2 - 3*r - 6. Calculate v(7).
-27
Let y(h) = -2*h**2 + 40*h + 4. Determine y(20).
4
Let h(g) = 15*g + 4. Give h(-4).
-56
Let r(f) = f**3 - 2*f**2. Calculate r(-2).
-16
Let m(g) = 2*g**3 - 29*g**2 - 16*g + 16. Determine m(15).
1
Let m(z) = -z - 29. Calculate m(-8).
-21
Let a(n) = -5*n + 82. Calculate a(18).
-8
Let j(z) = 2*z**2 + z + 16. Determine j(-5).
61
Let u(n) = 2*n**2 - 48*n + 47. Calculate u(25).
97
Let i(v) = -v**2 - 4*v - 9. What is i(-3)?
-6
Let i(y) = 2*y - 3. Determine i(4).
5
Let g(z) = -z**2 - 6*z + 3. What is g(-6)?
3
Let g(b) = -3*b**2 + 17*b - 15. Calculate g(6).
-21
Let t(d) = -d**3 - 32*d**2 + 105*d + 22. What is t(-35)?
22
Let b(h) = h**3 - 15*h**2 - 19*h - 23. Calculate b(16).
-71
Let x(c) = c**3 + 7*c**2 - 8. Give x(-7).
-8
Let k(j) = 5*j + 6. Determine k(-4).
-14
Let a(y) = y**2 - 18*y. Determine a(18).
0
Let m(g) = 105*g + 214. Determine m(-2).
4
Let u(h) = 2*h + 60. Calculate u(-9).
42
Let t(d) = 18*d + 145. Calculate t(-10).
-35
Let a(d) = -11*d - 1. What is a(0)?
-1
Let f(r) = -r**2 - 12*r + 11. Determine f(-7).
46
Let z(w) = -10*w**2 + 4*w + 2. Calculate z(2).
-30
Let q(m) = -m**3 + 2*m**2 - 